2
Let z(m) = 4*m - 27. Let l be z(7). What is the remainder when 111 is divided by l*24 - -1*(-2 + 1)?
19
Suppose -3*y = -8*y + 895. What is the remainder when y is divided by 39?
23
Let m = -141 + 302. What is the remainder when m is divided by 25?
11
Let h(q) = -39*q + 17. Calculate the remainder when h(-8) is divided by 33.
32
Let x = 0 - -12. Let s(v) = -v**3 + 16*v**2 + 36*v + 33. Calculate the remainder when s(18) is divided by x.
9
Let w(d) = d**3 - 4*d**2 - 2*d - 8. Let l be w(5). Suppose 212 = 4*y + s, 3*y + l*s = 2*s + 159. What is the remainder when y is divided by 28?
25
Let f(t) = 13*t - 15. What is the remainder when 109 is divided by f(3)?
13
Let w = -92 - -105. Suppose 11*a + 60 = w*a. What is the remainder when 88 is divided by a?
28
Suppose 5*t - 6*o + o = 0, -5*t + 24 = o. Let z(d) = -3*d - 6. Calculate the remainder when 1/t - 2350/(-40) is divided by z(-6).
11
Let u(p) = 2*p + 2. Let c(r) = r**3 + 16*r**2 - 35*r + 19. Let h be c(-18). Let j(l) = -l + 5. What is the remainder when j(-6) is divided by u(h)?
3
Calculate the remainder when 2850/(-100)*(-8*1)/2 is divided by 11.
4
Let g = -134 - -153. Calculate the remainder when -142*(5/10 - (-2)/(-2)) is divided by g.
14
Suppose t - 38 - 81 = 0. Suppose -23 = -2*d + t. What is the remainder when d is divided by (-5 - 4)/(-3) - 7 - -28?
23
Let y be (-2)/(-2) - (2 + -9). Let v be (y/(-10))/((-3)/225). Suppose -5*a + v = -2*a. What is the remainder when a is divided by 7?
6
Suppose -5*v - 479 = -179. Let f = 87 + v. Let p = f - 2. What is the remainder when 48 is divided by p?
23
Suppose -2*d + 10 = -10. Let z = -1710 - -1746. What is the remainder when z is divided by d?
6
Suppose 2*m = -2*d + 92, -m + 2*m - 4*d = 21. What is the remainder when 530 is divided by m?
38
Let k(q) = -2*q - 1. Let w = -12 - -30. Calculate the remainder when w is divided by k(-3).
3
Let r(j) = -7*j**3 - j**2 + 23*j. Let p(m) = m**3 + m**2 - m. Let w(c) = 6*p(c) + r(c). Calculate the remainder when 79 is divided by w(7).
16
Suppose -b + 13 + 8 = 0. Suppose -3*p + 6*p = -3*i + 3, -5*i - 5 = -5*p. Let r(u) = u + 12. What is the remainder when b is divided by r(i)?
9
Let j(h) = 11*h + 3. Let f be j(-6). Let l = 71 + f. Calculate the remainder when 13 is divided by l.
5
Suppose 2*d - 18 = 4*n, 4*d + d + n = 12. Suppose d*b + 2*b - 60 = 0. Let l = b + 23. Calculate the remainder when l is divided by 18.
17
Let t(b) = -4*b + 161. Calculate the remainder when t(22) is divided by 2.
1
Let d = -136 - -201. What is the remainder when 173 is divided by d?
43
Let x(d) = -5*d**2 - d + 2. Let l(s) = -14*s**2 - 4*s + 6. Let f(m) = -4*l(m) + 11*x(m). What is the remainder when 7 is divided by f(-6)?
3
Let i(j) = -j - 1. Let g be i(3). Suppose 0 = 92*f - 184 - 736. Calculate the remainder when f is divided by ((-15)/(-10))/((-2)/g).
1
Suppose 7*d - 7 = 28. Let p(j) be the second derivative of j**4/4 + j**3/3 + j**2/2 + j. What is the remainder when p(2) is divided by d?
2
Let w(n) = -n**3 + 4*n. Let y be w(-3). Let s = y + -50. Let h = -22 - s. Calculate the remainder when 22 is divided by h.
9
Let x = -53 - -69. Suppose 5*z + n + 37 = 0, -2*z + 3*n - n = 22. Let m(g) = -8*g - 3. What is the remainder when m(z) is divided by x?
13
Let k = -413 - -430. Let j(x) = -x - 7. Let v be j(-4). Calculate the remainder when 94 is divided by k + (v - (0 - 2)).
14
Suppose 7*a - 4*x = 2*a + 64, -47 = -4*a - x. Calculate the remainder when 47 is divided by a.
11
Let p(m) = -m**3 + 10*m**2 - 2. Let z be p(10). What is the remainder when (z - 117/12)*(0 + -4) is divided by 24?
23
Let l = -184 - -332. Let g = l + -83. Let f = -14 + 31. What is the remainder when g is divided by f?
14
Let x(m) be the second derivative of -5*m + 11/6*m**4 - 3/2*m**2 + 0 + 1/3*m**3. What is the remainder when x(2) is divided by 23?
20
Let j = -10 - -10. Suppose -4*h + 20 = -0*a + a, -5*a + 5*h = j. Calculate the remainder when 15 is divided by a.
3
Suppose 4*f - 8 = 0, -3*o - o = 2*f - 264. Suppose 5*t + 108 = 3*x + 2*t, 4*x + 2*t = 138. Let l = x + -13. What is the remainder when o is divided by l?
21
Suppose -3*h = 5*i - 10 + 1, -2*i + h = 3. Suppose 6*q - 2*q + 48 = i. What is the remainder when 114 is divided by q/28 - 412/(-14)?
27
Suppose 2 = -4*y + 22. Let k be (-1 - 0)*-1*y. Suppose 4*n - 231 = 3*m, -k*m = 28 - 3. Calculate the remainder when n is divided by 28.
26
Let q(j) = 77*j - 294. Calculate the remainder when 78 is divided by q(4).
8
Let i(m) be the second derivative of -m**4/12 - 13*m**3/6 + 5*m**2 + m. Let j(n) = -n + 3. What is the remainder when i(-11) is divided by j(-8)?
10
Let r(y) be the first derivative of -1/2*y**2 + 0*y**3 - 4 + 2*y + 1/4*y**4. Calculate the remainder when 128 is divided by r(3).
24
Suppose q + 7*v - 4*v - 36 = 0, -2*v + 38 = q. Calculate the remainder when (-1160)/(-7) + (-4)/(-14) is divided by q.
40
Suppose -5*m - f + 78 = -171, 0 = 4*m - 3*f - 184. Let z(y) = 7*y + 3. Let v = 47 - 46. What is the remainder when m is divided by z(v)?
9
Let r(u) = -12*u + 6. Let w(z) = -z**2 + 9*z - 25. Let f be w(6). Calculate the remainder when r(f) is divided by 23.
21
Suppose 6*x - 27 = -9. Calculate the remainder when 49 is divided by x.
1
Suppose -7*d - 30 = -5*o - 12*d, 0 = -4*o + 3*d + 45. What is the remainder when 16 is divided by o?
7
Let d(i) = -17*i + 165. Let b be d(9). Suppose v + 1 + 6 = 3*l, 0 = -4*l + 5*v - 9. Calculate the remainder when (6/l)/(6/b) is divided by 1.
0
Calculate the remainder when -4 - -4 - 349*-1 is divided by 25.
24
Suppose f - 3*o = -3*f + 3359, 0 = -5*f - 3*o + 4192. What is the remainder when f is divided by 10?
9
Suppose -8 = -3*y - 2. Suppose 2*q - 4*w + 3*w = 7, 0 = -q - w + 5. What is the remainder when 13 is divided by -7*(y - q)/2?
6
Let n = 8 - -30. Let u = 27 - 27. Suppose 8*c - 105 = 3*c + 5*a, u = 3*a + 3. What is the remainder when n is divided by c?
18
Suppose 162*o - 159*o + 9 = p, 4*o + 32 = 3*p. What is the remainder when 367 is divided by p?
7
Let k = 27 - -2. Let a be (620/15)/(2/3). Suppose 4*d + 90 = y, 2*y = -5*d + 229 - a. What is the remainder when y is divided by k?
28
Let c(r) = 16*r**2. Let j be c(1). What is the remainder when 48 is divided by (416/j)/(0 - -1)?
22
Suppose 5*z - 10 = 0, -5*z - 13 - 27 = -5*k. Let d be -4 - (-5)/(5/3). What is the remainder when 5 is divided by ((-8)/k)/(d/5)?
1
Suppose 0 = -q - 6*q + 322. Suppose -2*g + 8 = 3*n - 43, -2*g = -3*n + 51. Calculate the remainder when q is divided by ((-102)/n)/((-2)/4).
10
Let o be -10 + 7 - (-5 + 0). Let c(y) = -o*y - 4*y**3 + 4 - 3*y**2 + 5*y**3 + 3*y. What is the remainder when 11 is divided by c(3)?
4
Suppose -856 = -6*i - 2*i. Suppose 4*g - 3*u = 5*g - 24, -u + i = 4*g. Calculate the remainder when g is divided by 6.
3
Let m(c) = -c - 5. Let f be m(-6). Suppose -f - 13 = -t. Calculate the remainder when (-328)/(-16)*(-1 - 3/(-1)) is divided by t.
13
Let h = 138 - 15. Let s = -109 + h. What is the remainder when 53 is divided by s?
11
Let m(f) = -42*f - 29. Calculate the remainder when 232 is divided by m(-1).
11
Let b be (-9)/(-6)*12/9. Let w(n) = 38*n**2 + 3. Let x be w(b). Calculate the remainder when x/35 + (-3)/7 is divided by 2.
0
Let w be 50/(-10)*(-436)/10. Suppose -13*z + w = 88. What is the remainder when 34 is divided by z?
4
Let n(o) = -8 - 3*o - o - 4*o + 0. Calculate the remainder when 94 is divided by n(-4).
22
Suppose -487 = -h - 3*h + 5*v, -2*h - 4*v = -276. Calculate the remainder when h is divided by 46.
36
Suppose r + c = -2*c - 4, 2*c + 32 = 2*r. What is the remainder when ((-13620)/(-3178))/(-1*(-2)/14) is divided by r?
8
Suppose 2*q + 2*r - 22 = 18, -2*r - 2 = 0. Let u(l) be the second derivative of 13*l**3/2 + l**2 + 6*l. What is the remainder when u(1) is divided by q?
20
Let i(y) = -y**3 - 7*y**2 - 7*y + 4. Suppose -27 = -2*z - 15. What is the remainder when i(-6) is divided by z?
4
Let r = -12 - -25. Let y = 18 - -18. What is the remainder when y is divided by r?
10
Let f = 0 - -19. Suppose -4*k + k - 3*c = -12, -4*k - c = -f. Calculate the remainder when 9 is divided by k.
4
Suppose 2*k = -5 + 19. Suppose 2*t - 79 = -5*z - 2, -3*t + 18 = z. Calculate the remainder when z is divided by k.
1
Let x(l) = 3*l**2 - 67*l - 88. What is the remainder when 283 is divided by